{"id":566656,"date":"2024-03-07T14:58:45","date_gmt":"2024-03-07T14:58:45","guid":{"rendered":"https:\/\/world-schools.com\/schools\/united-lisbon-international-school\/"},"modified":"2025-09-19T14:41:59","modified_gmt":"2025-09-19T14:41:59","slug":"united-lisbon-international-school","status":"publish","type":"schools","link":"https:\/\/world-schools.com\/tr\/schools\/united-lisbon-international-school\/","title":{"rendered":"Birle\u015fik Lizbon Uluslararas\u0131 Okulu"},"content":{"rendered":"<p>United Lisbon International School, \u00e7ocuklar\u0131 gelece\u011fe haz\u0131rlamak i\u00e7in e\u011fitim veren modern ve yenilik\u00e7i bir okuldur. Teknoloji, K\u00fcresel Vatanda\u015fl\u0131k, Giri\u015fimcilik, Spor ve Sanat, e\u011fitimimizin temel ta\u015flar\u0131d\u0131r. Teknolojiyi \u00f6\u011frenme ortam\u0131na kusursuz bir \u015fekilde entegre ederek, titiz m\u00fckemmellik standartlar\u0131na dayal\u0131 bir e\u011fitim sunuyoruz. 3-18 ya\u015f aras\u0131 \u00e7ocuklara e\u011fitim veren bir K-12 okuluyuz. Okulumuz sadece 4 y\u0131ll\u0131k olmas\u0131na ra\u011fmen, \u00f6zverili profesyonel kadromuzdan olu\u015fan zengin bir deneyime sahiptir. T\u00fcm \u00f6\u011frencilerimizin ortak noktas\u0131, Amerikan uluslararas\u0131 m\u00fcfredat\u0131 ve 11. ve 12. s\u0131n\u0131flar i\u00e7in IB diplomas\u0131 do\u011frultusunda d\u00fcnya standartlar\u0131nda bir e\u011fitim sunmakt\u0131r. Gelece\u011fin e\u011fitimi i\u00e7in teknolojiye \u00f6ncelik verdik ve bir Microsoft Vitrin Okulu olmak i\u00e7in \u00e7ok \u00e7al\u0131\u015ft\u0131k.<\/p>\n<p>Okul toplulu\u011fumuz art\u0131k 50'den fazla milletten \u00f6\u011frenciye ev sahipli\u011fi yap\u0131yor ve bu da ger\u00e7ek anlamda uluslararas\u0131 bir topluluk anlam\u0131na geliyor. 600'den fazla \u00f6\u011frencimiz ve y\u0131llar\u0131n uluslararas\u0131 e\u011fitim ve k\u00fclt\u00fcr deneyimini bir araya getiren muhte\u015fem bir uluslararas\u0131 \u00f6\u011fretim kadromuz var.<\/p>","protected":false},"excerpt":{"rendered":"<p>3-18 ya\u015f aras\u0131 \u00e7ocuklara e\u011fitim veren bir K-12 okuluyuz. Okulumuz sadece 4 ya\u015f\u0131nda olmas\u0131na ra\u011fmen, profesyonel ve \u00f6zverili bir kadrodan olu\u015fan zengin bir deneyime sahiptir. T\u00fcm \u00f6\u011frencilerimizin ortak noktas\u0131, Amerikan uluslararas\u0131 m\u00fcfredat\u0131 ve 11. ve 12. s\u0131n\u0131flar i\u00e7in IB diplomas\u0131 do\u011frultusunda d\u00fcnya standartlar\u0131nda bir e\u011fitim sunmakt\u0131r.<\/p>","protected":false},"author":466,"featured_media":566288,"template":"","meta":{"content-type":"","inline_featured_image":false,"site-sidebar-layout":"default","site-content-layout":"","ast-site-content-layout":"default","site-content-style":"default","site-sidebar-style":"default","ast-global-header-display":"","ast-banner-title-visibility":"","ast-main-header-display":"","ast-hfb-above-header-display":"","ast-hfb-below-header-display":"","ast-hfb-mobile-header-display":"","site-post-title":"","ast-breadcrumbs-content":"","ast-featured-img":"","footer-sml-layout":"","ast-disable-related-posts":"","theme-transparent-header-meta":"","adv-header-id-meta":"","stick-header-meta":"","header-above-stick-meta":"","header-main-stick-meta":"","header-below-stick-meta":"","astra-migrate-meta-layouts":"default","ast-page-background-enabled":"default","ast-page-background-meta":{"desktop":{"background-color":"","background-image":"","background-repeat":"repeat","background-position":"center center","background-size":"auto","background-attachment":"scroll","background-type":"","background-media":"","overlay-type":"","overlay-color":"","overlay-opacity":"","overlay-gradient":""},"tablet":{"background-color":"","background-image":"","background-repeat":"repeat","background-position":"center center","background-size":"auto","background-attachment":"scroll","background-type":"","background-media":"","overlay-type":"","overlay-color":"","overlay-opacity":"","overlay-gradient":""},"mobile":{"background-color":"","background-image":"","background-repeat":"repeat","background-position":"center center","background-size":"auto","background-attachment":"scroll","background-type":"","background-media":"","overlay-type":"","overlay-color":"","overlay-opacity":"","overlay-gradient":""}},"ast-content-background-meta":{"desktop":{"background-color":"var(--ast-global-color-5)","background-image":"","background-repeat":"repeat","background-position":"center center","background-size":"auto","background-attachment":"scroll","background-type":"","background-media":"","overlay-type":"","overlay-color":"","overlay-opacity":"","overlay-gradient":""},"tablet":{"background-color":"var(--ast-global-color-5)","background-image":"","background-repeat":"repeat","background-position":"center center","background-size":"auto","background-attachment":"scroll","background-type":"","background-media":"","overlay-type":"","overlay-color":"","overlay-opacity":"","overlay-gradient":""},"mobile":{"background-color":"var(--ast-global-color-5)","background-image":"","background-repeat":"repeat","background-position":"center center","background-size":"auto","background-attachment":"scroll","background-type":"","background-media":"","overlay-type":"","overlay-color":"","overlay-opacity":"","overlay-gradient":""}},"_jf_save_progress":"","address":"United Lisbon International School, Av. Mar. Gomes da Costa No 9, 1800-255 Lisboa, Portugal","contact_email":"admissions@unitedlisbon.school","website":"https:\/\/www.unitedlisbon.school\/","min_age":"3","max_age":"18","foundation":"2020","number_of_students":"600","curricula_description":"<p>We offer a quality academic program that follows the United States of America Common Core State Standards (CCSS). The school welcomes learners from Early Childhood (age 3) to high school graduation (Grade 12).<\/p><p>We create a dynamic learning culture where our learners become experts who have deep conceptual understandings, high levels of competencies and a strong positive moral character. Our learning pathway culminates with the International Baccalaureate (IB) Diploma program in Grades 11 and 12 in which students graduate with the IB Diploma.<\/p>","extra_curricula_description":"<p>Our extra-curricular activities program enriches students' educational experiences by offering a variety of options, including sports, STEAM, arts, global citizenship, and entrepreneurship. We collaborate with top local providers to ensure our students engage with the best in class while exploring their interests.<\/p>","accommodation_description":"","day_school_min_yearly_fee_in_usd":"12300","cost_description_day_students":"","boarding_school_min_yearly_fee_in_usd":"25200","cost_description_boarding_students":"","accreditations":"International Baccalaureate (IB) Diploma Programme, NEASC Candidate School, Council of International Schools","enrollment_phase":"At United Lisbon Academy, we accept applications year-round, guiding you seamlessly from inquiry to enrollment.","staff_student_ratio":"1\/6","health_amp_safety":"There is a dedicated nurse on campus along with a SEN Department to cater to the needs of students requiring special education.","nr_of_nationalities":"54","min_number_of_months_enrollment":"12","facilities_description":"","name_extra_campus_1":"","description_extra_campus_1":"","address_extra_campus_1":"","yearly_fee_min":"10643","yearly_fee_max":"21745","fee_currency":"eur","scholarship_description":"","online_learning_information":"","online_student_support":"","technology_platform":"","online_community":"","why_choose_reason_1":"Innovative, tech-oriented curriculum","why_choose_reason_2":"Emphasis on entrepreneurial skills","why_choose_reason_3":"Collaboration with Microsoft & IBM","chargebee_subscription_id":"BTcp5LUt0fFxv2ire","plan":"1"},"boarding-option":[],"time-zones":[],"scholarship":[],"learning-formats":[],"extra-curricular-activities":[],"special-needs":[10339,10340,10341,10337],"examination":[5315],"religion":[],"language-of-instruction":[10309],"language-lessons":[10329],"curricula":[10323,10325],"gender":[10315],"type-of-school":[10316,12447],"student-age":[10317,10318,10319],"region":[5303,5356,5355],"facilities":[],"class_list":["post-566656","schools","type-schools","status-publish","has-post-thumbnail","hentry","special-needs-adhd","special-needs-autism","special-needs-dyslexia","special-needs-intellectual-giftedness","examination-ib-diploma","language-of-instruction-english","language-lessons-portuguese","curricula-us-curriculum","curricula-ib","gender-co-education","type-of-school-international-school","type-of-school-private-school","student-age-0-5-yo","student-age-6-12-yo","student-age-13-19-yo","region-europe","region-lisbon","region-portugal"],"_links":{"self":[{"href":"https:\/\/world-schools.com\/tr\/wp-json\/wp\/v2\/schools\/566656","targetHints":{"allow":["GET"]}}],"collection":[{"href":"https:\/\/world-schools.com\/tr\/wp-json\/wp\/v2\/schools"}],"about":[{"href":"https:\/\/world-schools.com\/tr\/wp-json\/wp\/v2\/types\/schools"}],"author":[{"embeddable":true,"href":"https:\/\/world-schools.com\/tr\/wp-json\/wp\/v2\/users\/466"}],"version-history":[{"count":0,"href":"https:\/\/world-schools.com\/tr\/wp-json\/wp\/v2\/schools\/566656\/revisions"}],"wp:featuredmedia":[{"embeddable":true,"href":"https:\/\/world-schools.com\/tr\/wp-json\/wp\/v2\/media\/566288"}],"wp:attachment":[{"href":"https:\/\/world-schools.com\/tr\/wp-json\/wp\/v2\/media?parent=566656"}],"wp:term":[{"taxonomy":"boarding-option","embeddable":true,"href":"https:\/\/world-schools.com\/tr\/wp-json\/wp\/v2\/boarding-option?post=566656"},{"taxonomy":"time-zones","embeddable":true,"href":"https:\/\/world-schools.com\/tr\/wp-json\/wp\/v2\/time-zones?post=566656"},{"taxonomy":"scholarship","embeddable":true,"href":"https:\/\/world-schools.com\/tr\/wp-json\/wp\/v2\/scholarship?post=566656"},{"taxonomy":"learning-formats","embeddable":true,"href":"https:\/\/world-schools.com\/tr\/wp-json\/wp\/v2\/learning-formats?post=566656"},{"taxonomy":"extra-curricular-activities","embeddable":true,"href":"https:\/\/world-schools.com\/tr\/wp-json\/wp\/v2\/extra-curricular-activities?post=566656"},{"taxonomy":"special-needs","embeddable":true,"href":"https:\/\/world-schools.com\/tr\/wp-json\/wp\/v2\/special-needs?post=566656"},{"taxonomy":"examination","embeddable":true,"href":"https:\/\/world-schools.com\/tr\/wp-json\/wp\/v2\/examination?post=566656"},{"taxonomy":"religion","embeddable":true,"href":"https:\/\/world-schools.com\/tr\/wp-json\/wp\/v2\/religion?post=566656"},{"taxonomy":"language-of-instruction","embeddable":true,"href":"https:\/\/world-schools.com\/tr\/wp-json\/wp\/v2\/language-of-instruction?post=566656"},{"taxonomy":"language-lessons","embeddable":true,"href":"https:\/\/world-schools.com\/tr\/wp-json\/wp\/v2\/language-lessons?post=566656"},{"taxonomy":"curricula","embeddable":true,"href":"https:\/\/world-schools.com\/tr\/wp-json\/wp\/v2\/curricula?post=566656"},{"taxonomy":"gender","embeddable":true,"href":"https:\/\/world-schools.com\/tr\/wp-json\/wp\/v2\/gender?post=566656"},{"taxonomy":"type-of-school","embeddable":true,"href":"https:\/\/world-schools.com\/tr\/wp-json\/wp\/v2\/type-of-school?post=566656"},{"taxonomy":"student-age","embeddable":true,"href":"https:\/\/world-schools.com\/tr\/wp-json\/wp\/v2\/student-age?post=566656"},{"taxonomy":"region","embeddable":true,"href":"https:\/\/world-schools.com\/tr\/wp-json\/wp\/v2\/region?post=566656"},{"taxonomy":"facilities","embeddable":true,"href":"https:\/\/world-schools.com\/tr\/wp-json\/wp\/v2\/facilities?post=566656"}],"curies":[{"name":"wp","href":"https:\/\/api.w.org\/{rel}","templated":true}]}}

Birleşik Lizbon Uluslararası Okulu

<p>United Lisbon International School, çocukları geleceğe hazırlamak için eğitim veren modern ve yenilikçi bir okuldur. Teknoloji, Küresel Vatandaşlık, Girişimcilik, Spor ve Sanat, eğitimimizin temel taşlarıdır. Teknolojiyi öğrenme ortamına kusursuz bir şekilde entegre ederek, titiz mükemmellik standartlarına dayalı bir eğitim sunuyoruz. 3-18 yaş arası çocuklara eğitim veren bir K-12 okuluyuz. Okulumuz sadece 4 yıllık olmasına rağmen, özverili profesyonel kadromuzdan oluşan zengin bir deneyime sahiptir. Tüm öğrencilerimizin ortak noktası, Amerikan uluslararası müfredatı ve 11. ve 12. sınıflar için IB diploması doğrultusunda dünya standartlarında bir eğitim sunmaktır. Geleceğin eğitimi için teknolojiye öncelik verdik ve bir Microsoft Vitrin Okulu olmak için çok çalıştık.</p>
<p>Okul topluluğumuz artık 50'den fazla milletten öğrenciye ev sahipliği yapıyor ve bu da gerçek anlamda uluslararası bir topluluk anlamına geliyor. 600'den fazla öğrencimiz ve yılların uluslararası eğitim ve kültür deneyimini bir araya getiren muhteşem bir uluslararası öğretim kadromuz var.</p>

<p>3-18 yaş arası çocuklara eğitim veren bir K-12 okuluyuz. Okulumuz sadece 4 yaşında olmasına rağmen, profesyonel ve özverili bir kadrodan oluşan zengin bir deneyime sahiptir. Tüm öğrencilerimizin ortak noktası, Amerikan uluslararası müfredatı ve 11. ve 12. sınıflar için IB diploması doğrultusunda dünya standartlarında bir eğitim sunmaktır.</p>
