{"id":566535,"date":"2023-02-15T09:40:25","date_gmt":"2023-02-15T09:40:25","guid":{"rendered":"https:\/\/world-schools.com\/schools\/international-school-of-zug-and-luzern\/"},"modified":"2025-10-03T08:41:46","modified_gmt":"2025-10-03T08:41:46","slug":"international-school-of-zug-and-luzern","status":"publish","type":"schools","link":"https:\/\/world-schools.com\/pl\/schools\/international-school-of-zug-and-luzern\/","title":{"rendered":"Mi\u0119dzynarodowa Szko\u0142a Zug i Lucerna"},"content":{"rendered":"<p>ISZL to wielokrotnie nagradzana koedukacyjna szko\u0142a dzienna w Centralnej Szwajcarii, za\u0142o\u017cona w 1961 roku. Jako niekomercyjna szko\u0142a mi\u0119dzynarodowa International Baccalaureate\u00ae dla uczni\u00f3w w wieku od 3 do 18 lat, oferujemy kompleksowy i rygorystyczny program nauczania, kt\u00f3ry \u0142\u0105czy uczni\u00f3w z otaczaj\u0105cym ich \u015bwiatem.<\/p>\n<p>Pomagamy uczniom przekuwa\u0107 nauk\u0119 w dzia\u0142anie, motywuj\u0105c ich do osi\u0105gania wi\u0119cej, ni\u017c im si\u0119 wydaje, \u017ce s\u0105 w stanie osi\u0105gn\u0105\u0107. Nasza t\u0119tni\u0105ca \u017cyciem, wielokulturowa i troskliwa spo\u0142eczno\u015b\u0107 sprzyja g\u0142\u0119bokiemu poczuciu dobrostanu.<\/p>\n<p>W ISZL nauka jest zar\u00f3wno spersonalizowana, jak i holistyczna. Nasze programy, oparte na badaniach edukacyjnych, wspieraj\u0105 osi\u0105gni\u0119cia i sukcesy wszystkich student\u00f3w. Studenci ISZL realizuj\u0105 szeroki, zr\u00f3wnowa\u017cony i ambitny program, kt\u00f3ry rozwija rozumienie poj\u0119\u0107 i krytyczne my\u015blenie, przygotowuj\u0105c ich do \u015bwietlanej przysz\u0142o\u015bci.<\/p>\n<p>Nauka opiera si\u0119 na dociekaniach i rozwijaniu g\u0142\u0119bokiego zrozumienia \u015bwiata. Zale\u017cy nam r\u00f3wnie\u017c na bogatym do\u015bwiadczeniu j\u0119zykowym wszystkich uczni\u00f3w. Wspieramy i rozwijamy zar\u00f3wno j\u0119zyki ojczyste, jak i j\u0119zyki obce w ca\u0142ej szkole.<\/p>\n<p>Nasze programy \u0142\u0105cz\u0105 w sobie rozw\u00f3j akademicki i osobisty naszych uczni\u00f3w. Wierzymy, \u017ce zach\u0119caj\u0105c uczni\u00f3w do interakcji ze spo\u0142eczno\u015bciami w Szwajcarii i poza ni\u0105, rozwijamy ich wsp\u00f3\u0142czucie i poczucie odpowiedzialno\u015bci spo\u0142ecznej. Dzi\u0119ki naszemu pi\u0119knemu po\u0142o\u017ceniu w sercu centralnej Szwajcarii, mamy szcz\u0119\u015bcie, \u017ce oferujemy tak wiele mo\u017cliwo\u015bci edukacyjnych.<\/p>","protected":false},"excerpt":{"rendered":"<p>ISZL to wielokrotnie nagradzana koedukacyjna szko\u0142a dzienna w Centralnej Szwajcarii, za\u0142o\u017cona w 1961 roku. Jako niekomercyjna szko\u0142a mi\u0119dzynarodowa International Baccalaureate\u00ae dla uczni\u00f3w w wieku od 3 do 18 lat, oferujemy kompleksowy i rygorystyczny program nauczania, kt\u00f3ry \u0142\u0105czy uczni\u00f3w z otaczaj\u0105cym ich \u015bwiatem.<\/p>","protected":false},"author":228,"featured_media":566180,"template":"","meta":{"content-type":"","inline_featured_image":false,"site-sidebar-layout":"default","site-content-layout":"","ast-site-content-layout":"default","site-content-style":"default","site-sidebar-style":"default","ast-global-header-display":"","ast-banner-title-visibility":"","ast-main-header-display":"","ast-hfb-above-header-display":"","ast-hfb-below-header-display":"","ast-hfb-mobile-header-display":"","site-post-title":"","ast-breadcrumbs-content":"","ast-featured-img":"","footer-sml-layout":"","ast-disable-related-posts":"","theme-transparent-header-meta":"default","adv-header-id-meta":"","stick-header-meta":"","header-above-stick-meta":"","header-main-stick-meta":"","header-below-stick-meta":"","astra-migrate-meta-layouts":"set","ast-page-background-enabled":"default","ast-page-background-meta":{"desktop":{"background-color":"","background-image":"","background-repeat":"repeat","background-position":"center center","background-size":"auto","background-attachment":"scroll","background-type":"","background-media":"","overlay-type":"","overlay-color":"","overlay-opacity":"","overlay-gradient":""},"tablet":{"background-color":"","background-image":"","background-repeat":"repeat","background-position":"center center","background-size":"auto","background-attachment":"scroll","background-type":"","background-media":"","overlay-type":"","overlay-color":"","overlay-opacity":"","overlay-gradient":""},"mobile":{"background-color":"","background-image":"","background-repeat":"repeat","background-position":"center center","background-size":"auto","background-attachment":"scroll","background-type":"","background-media":"","overlay-type":"","overlay-color":"","overlay-opacity":"","overlay-gradient":""}},"ast-content-background-meta":{"desktop":{"background-color":"var(--ast-global-color-5)","background-image":"","background-repeat":"repeat","background-position":"center center","background-size":"auto","background-attachment":"scroll","background-type":"","background-media":"","overlay-type":"","overlay-color":"","overlay-opacity":"","overlay-gradient":""},"tablet":{"background-color":"var(--ast-global-color-5)","background-image":"","background-repeat":"repeat","background-position":"center center","background-size":"auto","background-attachment":"scroll","background-type":"","background-media":"","overlay-type":"","overlay-color":"","overlay-opacity":"","overlay-gradient":""},"mobile":{"background-color":"var(--ast-global-color-5)","background-image":"","background-repeat":"repeat","background-position":"center center","background-size":"auto","background-attachment":"scroll","background-type":"","background-media":"","overlay-type":"","overlay-color":"","overlay-opacity":"","overlay-gradient":""}},"_jf_save_progress":"","address":"International School of Zug and Luzern, Walterswil 1, 6340 Baar, Switzerland","contact_email":"admissions@iszl.ch","website":"https:\/\/www.iszl.ch\/","min_age":"3","max_age":"18","foundation":"1961","number_of_students":"1179","curricula_description":"<p>Our world-class learning community offers an exceptional educational experience.\u00a0 It builds a connected, inclusive, inspiring environment for our students, parents, faculty and staff. It is a vibrant, multicultural and caring community that fosters a deep sense of wellbeing.<\/p>\n<p>As an International Baccalaureate\u00ae (IB) world school, ISZL is authorised by the IB Organisation to offer the Primary Years, Middle Years, and IB Diploma programmes. In addition, students in Grades 11 and 12 have the option of taking Advanced Placement\u00ae (AP) courses and exams. All AP courses are audited by the College Board.<\/p>\n<p>ISZL has been accredited by the prestigious Council of International Schools (CIS) and the New England Association of Schools and Colleges (NEASC).<\/p>\n<p>ISZL is supervised by the educational authority of the Canton of Zug and operates with its approval. ISZL is a member of the Swiss Group of International Schools and the Educational Collaborative for International Schools.<\/p>\n<p>&nbsp;<\/p>\n","extra_curricula_description":"<p>Our after-school Activities and Clubs Programme is designed to enhance student learning and personal development in line with our mission and vision.<\/p>\n<p>We offer our Grade 1-12 students a broad and diverse range of opportunities, with over 30 different clubs per division for Primary, Middle and High School students, for example:<\/p>\n<p>Visual &amp; Performing Arts - drama, sewing, guitar band, manga art, photography, theatre production, wind or jazz band, choir, string orchestra, movers &amp; shakers etc.<\/p>\n<p>Recreational Sports - soccer, uni-hockey,\u00a0 swimming, running, ballet, climbing, badminton, fencing, bouldering, sailing, cross-fit, volleyball.<\/p>\n<p>Competitive Sports - soccer, cross-country, uni-hockey, badminton, swimming, skiing, track &amp; field, golf, tennis, basketball, volleyball, touch rugby.<\/p>\n<p>Academic Enrichment &amp; Student Leadership - digital creators, German, leadership &amp; action, forest adventure, chess, digital drawing, gardening, aquaponics\/urban gardening, Swiss Young Naturalists Tournament, creative thinking, stop motion animation.<\/p>\n","accommodation_description":"","day_school_min_yearly_fee_in_usd":"23300","cost_description_day_students":"","boarding_school_min_yearly_fee_in_usd":"","cost_description_boarding_students":"","accreditations":"Council of International Schools (CIS), New England Association of Schools and Colleges (NEASC), ISZL is a member of the Swiss Group of International Schools and the Educational Collaborative for International Schools.","enrollment_phase":"","staff_student_ratio":"","health_amp_safety":"","nr_of_nationalities":"65","min_number_of_months_enrollment":"12","facilities_description":"","name_extra_campus_1":"International School of Zug and Luzern (ISZL)","description_extra_campus_1":"High School Location","address_extra_campus_1":"International School of Zug and Luzern, Rothusstrasse 4B, 6331 H\u00fcnenberg","yearly_fee_min":"16650","yearly_fee_max":"39200","fee_currency":"chf","scholarship_description":"","online_learning_information":"","online_student_support":"","technology_platform":"","online_community":"","why_choose_reason_1":"Emphasis on Outdoor Learning","why_choose_reason_2":"Robust Art and Music Programmes","why_choose_reason_3":"Engaging Service Learning Opportunities","chargebee_subscription_id":"2363393000005962093","plan":"5"},"boarding-option":[],"time-zones":[],"scholarship":[],"learning-formats":[],"extra-curricular-activities":[],"special-needs":[],"examination":[5308,5315],"religion":[],"language-of-instruction":[10309],"language-lessons":[10311,10354,10332,10312,10313,10333,10320,10329,10327],"curricula":[10325],"gender":[10315],"type-of-school":[10316,12447],"student-age":[10317,10318,10319],"region":[5545,5303,5546,5312,5517],"facilities":[],"class_list":["post-566535","schools","type-schools","status-publish","has-post-thumbnail","hentry","examination-ap","examination-ib-diploma","language-of-instruction-english","language-lessons-chinese","language-lessons-dutch","language-lessons-english","language-lessons-french","language-lessons-german","language-lessons-greek","language-lessons-italian","language-lessons-portuguese","language-lessons-spanish","curricula-ib","gender-co-education","type-of-school-international-school","type-of-school-private-school","student-age-0-5-yo","student-age-6-12-yo","student-age-13-19-yo","region-baar","region-europe","region-lucerne","region-switzerland","region-zug"],"_links":{"self":[{"href":"https:\/\/world-schools.com\/pl\/wp-json\/wp\/v2\/schools\/566535","targetHints":{"allow":["GET"]}}],"collection":[{"href":"https:\/\/world-schools.com\/pl\/wp-json\/wp\/v2\/schools"}],"about":[{"href":"https:\/\/world-schools.com\/pl\/wp-json\/wp\/v2\/types\/schools"}],"author":[{"embeddable":true,"href":"https:\/\/world-schools.com\/pl\/wp-json\/wp\/v2\/users\/228"}],"version-history":[{"count":0,"href":"https:\/\/world-schools.com\/pl\/wp-json\/wp\/v2\/schools\/566535\/revisions"}],"wp:featuredmedia":[{"embeddable":true,"href":"https:\/\/world-schools.com\/pl\/wp-json\/wp\/v2\/media\/566180"}],"wp:attachment":[{"href":"https:\/\/world-schools.com\/pl\/wp-json\/wp\/v2\/media?parent=566535"}],"wp:term":[{"taxonomy":"boarding-option","embeddable":true,"href":"https:\/\/world-schools.com\/pl\/wp-json\/wp\/v2\/boarding-option?post=566535"},{"taxonomy":"time-zones","embeddable":true,"href":"https:\/\/world-schools.com\/pl\/wp-json\/wp\/v2\/time-zones?post=566535"},{"taxonomy":"scholarship","embeddable":true,"href":"https:\/\/world-schools.com\/pl\/wp-json\/wp\/v2\/scholarship?post=566535"},{"taxonomy":"learning-formats","embeddable":true,"href":"https:\/\/world-schools.com\/pl\/wp-json\/wp\/v2\/learning-formats?post=566535"},{"taxonomy":"extra-curricular-activities","embeddable":true,"href":"https:\/\/world-schools.com\/pl\/wp-json\/wp\/v2\/extra-curricular-activities?post=566535"},{"taxonomy":"special-needs","embeddable":true,"href":"https:\/\/world-schools.com\/pl\/wp-json\/wp\/v2\/special-needs?post=566535"},{"taxonomy":"examination","embeddable":true,"href":"https:\/\/world-schools.com\/pl\/wp-json\/wp\/v2\/examination?post=566535"},{"taxonomy":"religion","embeddable":true,"href":"https:\/\/world-schools.com\/pl\/wp-json\/wp\/v2\/religion?post=566535"},{"taxonomy":"language-of-instruction","embeddable":true,"href":"https:\/\/world-schools.com\/pl\/wp-json\/wp\/v2\/language-of-instruction?post=566535"},{"taxonomy":"language-lessons","embeddable":true,"href":"https:\/\/world-schools.com\/pl\/wp-json\/wp\/v2\/language-lessons?post=566535"},{"taxonomy":"curricula","embeddable":true,"href":"https:\/\/world-schools.com\/pl\/wp-json\/wp\/v2\/curricula?post=566535"},{"taxonomy":"gender","embeddable":true,"href":"https:\/\/world-schools.com\/pl\/wp-json\/wp\/v2\/gender?post=566535"},{"taxonomy":"type-of-school","embeddable":true,"href":"https:\/\/world-schools.com\/pl\/wp-json\/wp\/v2\/type-of-school?post=566535"},{"taxonomy":"student-age","embeddable":true,"href":"https:\/\/world-schools.com\/pl\/wp-json\/wp\/v2\/student-age?post=566535"},{"taxonomy":"region","embeddable":true,"href":"https:\/\/world-schools.com\/pl\/wp-json\/wp\/v2\/region?post=566535"},{"taxonomy":"facilities","embeddable":true,"href":"https:\/\/world-schools.com\/pl\/wp-json\/wp\/v2\/facilities?post=566535"}],"curies":[{"name":"wp","href":"https:\/\/api.w.org\/{rel}","templated":true}]}}

Międzynarodowa Szkoła Zug i Lucerna

<p>ISZL to wielokrotnie nagradzana koedukacyjna szkoła dzienna w Centralnej Szwajcarii, założona w 1961 roku. Jako niekomercyjna szkoła międzynarodowa International Baccalaureate® dla uczniów w wieku od 3 do 18 lat, oferujemy kompleksowy i rygorystyczny program nauczania, który łączy uczniów z otaczającym ich światem.</p>
<p>Pomagamy uczniom przekuwać naukę w działanie, motywując ich do osiągania więcej, niż im się wydaje, że są w stanie osiągnąć. Nasza tętniąca życiem, wielokulturowa i troskliwa społeczność sprzyja głębokiemu poczuciu dobrostanu.</p>
<p>W ISZL nauka jest zarówno spersonalizowana, jak i holistyczna. Nasze programy, oparte na badaniach edukacyjnych, wspierają osiągnięcia i sukcesy wszystkich studentów. Studenci ISZL realizują szeroki, zrównoważony i ambitny program, który rozwija rozumienie pojęć i krytyczne myślenie, przygotowując ich do świetlanej przyszłości.</p>
<p>Nauka opiera się na dociekaniach i rozwijaniu głębokiego zrozumienia świata. Zależy nam również na bogatym doświadczeniu językowym wszystkich uczniów. Wspieramy i rozwijamy zarówno języki ojczyste, jak i języki obce w całej szkole.</p>
<p>Nasze programy łączą w sobie rozwój akademicki i osobisty naszych uczniów. Wierzymy, że zachęcając uczniów do interakcji ze społecznościami w Szwajcarii i poza nią, rozwijamy ich współczucie i poczucie odpowiedzialności społecznej. Dzięki naszemu pięknemu położeniu w sercu centralnej Szwajcarii, mamy szczęście, że oferujemy tak wiele możliwości edukacyjnych.</p>

<p>ISZL to wielokrotnie nagradzana koedukacyjna szkoła dzienna w Centralnej Szwajcarii, założona w 1961 roku. Jako niekomercyjna szkoła międzynarodowa International Baccalaureate® dla uczniów w wieku od 3 do 18 lat, oferujemy kompleksowy i rygorystyczny program nauczania, który łączy uczniów z otaczającym ich światem.</p>

International School of Zug and Luzern, Rothusstrasse 4B, 6331 Hünenberg
