{"id":566402,"date":"2023-01-09T13:23:47","date_gmt":"2023-01-09T13:23:47","guid":{"rendered":"https:\/\/world-schools.com\/schools\/avenues-sao-paulo\/"},"modified":"2025-09-19T14:28:10","modified_gmt":"2025-09-19T14:28:10","slug":"avenues-sao-paulo","status":"publish","type":"schools","link":"https:\/\/world-schools.com\/pl\/schools\/avenues-sao-paulo\/","title":{"rendered":"Aleje S\u00e3o Paulo"},"content":{"rendered":"<p>Szko\u0142a Avenues The World School zosta\u0142a za\u0142o\u017cona w Nowym Jorku w 2012 roku z misj\u0105 redefiniowania szkolnictwa w dynamicznie zmieniaj\u0105cym si\u0119 \u015bwiecie. Z globalnym nastawieniem od samego pocz\u0105tku, nasz kampus w S\u00e3o Paulo otworzy\u0142 swoje podwoje w sierpniu 2018 roku, aby zapewni\u0107 prawdziwie transformacyjne do\u015bwiadczenie edukacyjne w Brazylii. Przyjmuj\u0105c pr\u0119\u017cnie dzia\u0142aj\u0105c\u0105 spo\u0142eczno\u015b\u0107 ponad 1200 uczni\u00f3w w wieku od 18 miesi\u0119cy do 12. klasy, nasz kampus t\u0119tni kultur\u0105 innowacji, kreatywno\u015bci i najnowocze\u015bniejszych technologii. Dzi\u0119ki immersyjnej nauce j\u0119zyka angielskiego, rygorystycznemu brazylijskiemu programowi nauczania i autentycznym projektom interdyscyplinarnym, nasza pe\u0142na pasji, \u015bwiatowej klasy kadra przygotowuje student\u00f3w do stania si\u0119 przysz\u0142ymi \u015bwiatowymi liderami, w wyj\u0105tkowy spos\u00f3b przygotowanymi do rozumienia i rozwi\u0105zywania globalnych problem\u00f3w. Jako cz\u0119\u015b\u0107 sieci Nord Anglia Education od 2023 roku, z dum\u0105 wsp\u00f3\u0142pracujemy z Avenues New York, aby wsp\u00f3lnie kszta\u0142towa\u0107 przysz\u0142o\u015b\u0107 edukacji. Do\u0142\u0105cz do nas i wyrusz w podr\u00f3\u017c pe\u0142n\u0105 nauki przez ca\u0142e \u017cycie, podczas kt\u00f3rej odkryjesz, dlaczego nie ma drugiego takiego miejsca jak Avenues \u2014 globalnego w swej istocie, lokalnego w swej obecno\u015bci.<\/p>","protected":false},"excerpt":{"rendered":"<p>Otwarta w sierpniu 2018 r. szko\u0142a Avenues S\u00e3o Paulo jest drugim globalnym oddzia\u0142em szko\u0142y Avenues: The World School, w kt\u00f3rym ucz\u0105 si\u0119 uczniowie w wieku od 2 do 18 lat.<\/p>","protected":false},"author":48,"featured_media":566047,"template":"","meta":{"content-type":"","inline_featured_image":false,"site-sidebar-layout":"default","site-content-layout":"","ast-site-content-layout":"default","site-content-style":"default","site-sidebar-style":"default","ast-global-header-display":"","ast-banner-title-visibility":"","ast-main-header-display":"","ast-hfb-above-header-display":"","ast-hfb-below-header-display":"","ast-hfb-mobile-header-display":"","site-post-title":"","ast-breadcrumbs-content":"","ast-featured-img":"","footer-sml-layout":"","ast-disable-related-posts":"","theme-transparent-header-meta":"","adv-header-id-meta":"","stick-header-meta":"","header-above-stick-meta":"","header-main-stick-meta":"","header-below-stick-meta":"","astra-migrate-meta-layouts":"default","ast-page-background-enabled":"default","ast-page-background-meta":{"desktop":{"background-color":"","background-image":"","background-repeat":"repeat","background-position":"center center","background-size":"auto","background-attachment":"scroll","background-type":"","background-media":"","overlay-type":"","overlay-color":"","overlay-opacity":"","overlay-gradient":""},"tablet":{"background-color":"","background-image":"","background-repeat":"repeat","background-position":"center center","background-size":"auto","background-attachment":"scroll","background-type":"","background-media":"","overlay-type":"","overlay-color":"","overlay-opacity":"","overlay-gradient":""},"mobile":{"background-color":"","background-image":"","background-repeat":"repeat","background-position":"center center","background-size":"auto","background-attachment":"scroll","background-type":"","background-media":"","overlay-type":"","overlay-color":"","overlay-opacity":"","overlay-gradient":""}},"ast-content-background-meta":{"desktop":{"background-color":"var(--ast-global-color-5)","background-image":"","background-repeat":"repeat","background-position":"center center","background-size":"auto","background-attachment":"scroll","background-type":"","background-media":"","overlay-type":"","overlay-color":"","overlay-opacity":"","overlay-gradient":""},"tablet":{"background-color":"var(--ast-global-color-5)","background-image":"","background-repeat":"repeat","background-position":"center center","background-size":"auto","background-attachment":"scroll","background-type":"","background-media":"","overlay-type":"","overlay-color":"","overlay-opacity":"","overlay-gradient":""},"mobile":{"background-color":"var(--ast-global-color-5)","background-image":"","background-repeat":"repeat","background-position":"center center","background-size":"auto","background-attachment":"scroll","background-type":"","background-media":"","overlay-type":"","overlay-color":"","overlay-opacity":"","overlay-gradient":""}},"_jf_save_progress":"","address":"Avenues S\u00e3o Paulo, R. Pedro Avancine, 73 - Real Parque, S\u00e3o Paulo - SP, 05679-160, Brazil","contact_email":"admissions@avenues-sp.org","website":"https:\/\/www.avenues.org\/sp","min_age":"2","max_age":"18","foundation":"2018","number_of_students":"1200","curricula_description":"<p>Avenues S\u00e3o Paulo takes both Brazilian and international educational standards seriously, offering an integrated Brazilian program that incorporates the national curriculum. From the very first year of school, students embark on a path to global citizenship. In the Primary Division, our youngest learners benefit from a full English immersion program, with the support of two teachers per classroom. For older students, the Secondary Division curriculum is designed to challenge and support their growth while broadening their global perspectives.<\/p>","extra_curricula_description":"<p>Avenues S\u00e3o Paulo offers a comprehensive extracurricular program in its extensive facilities. In the Primary Division (from Nursery to 5th Grade), students can choose from a wide range of activities, such as sports, robotics, cooking, Mandarin, theater, and private music lessons, which are not included in the tuition.<\/p><p>In the Secondary Division (from 6th to 12th Grade), Avenues S\u00e3o Paulo has boys' and girls' soccer, futsal, volleyball, and basketball teams that compete in local sports leagues. We also have student-led clubs, such as Model UN, investments, jazz, philosophy, physics, and journalism, among others, offering students the opportunity to explore various interests.<\/p>","accommodation_description":"","day_school_min_yearly_fee_in_usd":"34873","cost_description_day_students":"","boarding_school_min_yearly_fee_in_usd":"","cost_description_boarding_students":"","accreditations":"","enrollment_phase":"Small World (18 months) \u2013 12th grade","staff_student_ratio":"7:1","health_amp_safety":"","nr_of_nationalities":"40","min_number_of_months_enrollment":"12","facilities_description":"","name_extra_campus_1":"","description_extra_campus_1":"","address_extra_campus_1":"","yearly_fee_min":"198000","yearly_fee_max":"198000","fee_currency":"brl","scholarship_description":"","online_learning_information":"","online_student_support":"","technology_platform":"","online_community":"","why_choose_reason_1":"Immersive bilingual learning approach.","why_choose_reason_2":"Real-world focused projects & internships.","why_choose_reason_3":"Global network for student exchange.","chargebee_subscription_id":"2363393000005986456","plan":"1"},"boarding-option":[],"time-zones":[],"scholarship":[],"learning-formats":[],"extra-curricular-activities":[],"special-needs":[10339,10340,10341,10337],"examination":[5319],"religion":[],"language-of-instruction":[10309,10346],"language-lessons":[10311,10327],"curricula":[10323,10360],"gender":[10315],"type-of-school":[10316,12447],"student-age":[10317,10318,10319],"region":[5329,5407,5408,5406],"facilities":[],"class_list":["post-566402","schools","type-schools","status-publish","has-post-thumbnail","hentry","special-needs-adhd","special-needs-autism","special-needs-dyslexia","special-needs-intellectual-giftedness","examination-american-diploma","language-of-instruction-english","language-of-instruction-portuguese","language-lessons-chinese","language-lessons-spanish","curricula-us-curriculum","curricula-other","gender-co-education","type-of-school-international-school","type-of-school-private-school","student-age-0-5-yo","student-age-6-12-yo","student-age-13-19-yo","region-americas","region-brazil","region-sao-paulo","region-south-america"],"_links":{"self":[{"href":"https:\/\/world-schools.com\/pl\/wp-json\/wp\/v2\/schools\/566402","targetHints":{"allow":["GET"]}}],"collection":[{"href":"https:\/\/world-schools.com\/pl\/wp-json\/wp\/v2\/schools"}],"about":[{"href":"https:\/\/world-schools.com\/pl\/wp-json\/wp\/v2\/types\/schools"}],"author":[{"embeddable":true,"href":"https:\/\/world-schools.com\/pl\/wp-json\/wp\/v2\/users\/48"}],"version-history":[{"count":0,"href":"https:\/\/world-schools.com\/pl\/wp-json\/wp\/v2\/schools\/566402\/revisions"}],"wp:featuredmedia":[{"embeddable":true,"href":"https:\/\/world-schools.com\/pl\/wp-json\/wp\/v2\/media\/566047"}],"wp:attachment":[{"href":"https:\/\/world-schools.com\/pl\/wp-json\/wp\/v2\/media?parent=566402"}],"wp:term":[{"taxonomy":"boarding-option","embeddable":true,"href":"https:\/\/world-schools.com\/pl\/wp-json\/wp\/v2\/boarding-option?post=566402"},{"taxonomy":"time-zones","embeddable":true,"href":"https:\/\/world-schools.com\/pl\/wp-json\/wp\/v2\/time-zones?post=566402"},{"taxonomy":"scholarship","embeddable":true,"href":"https:\/\/world-schools.com\/pl\/wp-json\/wp\/v2\/scholarship?post=566402"},{"taxonomy":"learning-formats","embeddable":true,"href":"https:\/\/world-schools.com\/pl\/wp-json\/wp\/v2\/learning-formats?post=566402"},{"taxonomy":"extra-curricular-activities","embeddable":true,"href":"https:\/\/world-schools.com\/pl\/wp-json\/wp\/v2\/extra-curricular-activities?post=566402"},{"taxonomy":"special-needs","embeddable":true,"href":"https:\/\/world-schools.com\/pl\/wp-json\/wp\/v2\/special-needs?post=566402"},{"taxonomy":"examination","embeddable":true,"href":"https:\/\/world-schools.com\/pl\/wp-json\/wp\/v2\/examination?post=566402"},{"taxonomy":"religion","embeddable":true,"href":"https:\/\/world-schools.com\/pl\/wp-json\/wp\/v2\/religion?post=566402"},{"taxonomy":"language-of-instruction","embeddable":true,"href":"https:\/\/world-schools.com\/pl\/wp-json\/wp\/v2\/language-of-instruction?post=566402"},{"taxonomy":"language-lessons","embeddable":true,"href":"https:\/\/world-schools.com\/pl\/wp-json\/wp\/v2\/language-lessons?post=566402"},{"taxonomy":"curricula","embeddable":true,"href":"https:\/\/world-schools.com\/pl\/wp-json\/wp\/v2\/curricula?post=566402"},{"taxonomy":"gender","embeddable":true,"href":"https:\/\/world-schools.com\/pl\/wp-json\/wp\/v2\/gender?post=566402"},{"taxonomy":"type-of-school","embeddable":true,"href":"https:\/\/world-schools.com\/pl\/wp-json\/wp\/v2\/type-of-school?post=566402"},{"taxonomy":"student-age","embeddable":true,"href":"https:\/\/world-schools.com\/pl\/wp-json\/wp\/v2\/student-age?post=566402"},{"taxonomy":"region","embeddable":true,"href":"https:\/\/world-schools.com\/pl\/wp-json\/wp\/v2\/region?post=566402"},{"taxonomy":"facilities","embeddable":true,"href":"https:\/\/world-schools.com\/pl\/wp-json\/wp\/v2\/facilities?post=566402"}],"curies":[{"name":"wp","href":"https:\/\/api.w.org\/{rel}","templated":true}]}}

Aleje São Paulo

<p>Szkoła Avenues The World School została założona w Nowym Jorku w 2012 roku z misją redefiniowania szkolnictwa w dynamicznie zmieniającym się świecie. Z globalnym nastawieniem od samego początku, nasz kampus w São Paulo otworzył swoje podwoje w sierpniu 2018 roku, aby zapewnić prawdziwie transformacyjne doświadczenie edukacyjne w Brazylii. Przyjmując prężnie działającą społeczność ponad 1200 uczniów w wieku od 18 miesięcy do 12. klasy, nasz kampus tętni kulturą innowacji, kreatywności i najnowocześniejszych technologii. Dzięki immersyjnej nauce języka angielskiego, rygorystycznemu brazylijskiemu programowi nauczania i autentycznym projektom interdyscyplinarnym, nasza pełna pasji, światowej klasy kadra przygotowuje studentów do stania się przyszłymi światowymi liderami, w wyjątkowy sposób przygotowanymi do rozumienia i rozwiązywania globalnych problemów. Jako część sieci Nord Anglia Education od 2023 roku, z dumą współpracujemy z Avenues New York, aby wspólnie kształtować przyszłość edukacji. Dołącz do nas i wyrusz w podróż pełną nauki przez całe życie, podczas której odkryjesz, dlaczego nie ma drugiego takiego miejsca jak Avenues — globalnego w swej istocie, lokalnego w swej obecności.</p>

<p>Otwarta w sierpniu 2018 r. szkoła Avenues São Paulo jest drugim globalnym oddziałem szkoły Avenues: The World School, w którym uczą się uczniowie w wieku od 2 do 18 lat.</p>

Avenues São Paulo, R. Pedro Avancine, 73 - Real Parque, São Paulo - SP, 05679-160, Brazil

<p>Avenues São Paulo takes both Brazilian and international educational standards seriously, offering an integrated Brazilian program that incorporates the national curriculum. From the very first year of school, students embark on a path to global citizenship. In the Primary Division, our youngest learners benefit from a full English immersion program, with the support of two teachers per classroom. For older students, the Secondary Division curriculum is designed to challenge and support their growth while broadening their global perspectives.</p>

<p>Avenues São Paulo offers a comprehensive extracurricular program in its extensive facilities. In the Primary Division (from Nursery to 5th Grade), students can choose from a wide range of activities, such as sports, robotics, cooking, Mandarin, theater, and private music lessons, which are not included in the tuition.</p><p>In the Secondary Division (from 6th to 12th Grade), Avenues São Paulo has boys' and girls' soccer, futsal, volleyball, and basketball teams that compete in local sports leagues. We also have student-led clubs, such as Model UN, investments, jazz, philosophy, physics, and journalism, among others, offering students the opportunity to explore various interests.</p>
